alculate the remainder when -8 + 9 - (0 + p) is divided by 24.
20
Suppose -11978*g = -11995*g + 8942. What is the remainder when g is divided by 158?
52
Suppose 4*o + 27*o = -15*o + 10074. Calculate the remainder when o is divided by 62.
33
Let m(g) = -64*g - 106. Let v be m(-22). Suppose 37*t = -340 + v. What is the remainder when 207 is divided by t?
25
Suppose x = -124*s + 122*s + 108, 0 = -3*x - 2*s + 328. What is the remainder when 434 is divided by x?
104
Suppose -5*z = -4*s + 49, 8*z + 2*s = 5*z - 25. What is the remainder when (344/(-32) - z)*-72 is divided by 10?
6
Suppose 4*y - 48*k + 43*k - 149 = 0, -2*y + 3*k = -75. Suppose y = 34*x - 32*x + 3*n, 0 = n. Calculate the remainder when 66 is divided by x.
12
Suppose -3447 + 321 - 294 = -60*y. What is the remainder when 145 is divided by y?
31
Suppose -259*z + 736596 = -175*z. Calculate the remainder when z is divided by 41.
36
Let i(f) = -331*f + 3377. What is the remainder when i(9) is divided by 94?
22
Let i be (-4366)/37 + ((-4)/(-2) - -2). Let z = 342 + i. Let b = -64 - -97. What is the remainder when z is divided by b?
30
Suppose -12*k = -28*k + 4064. What is the remainder when k is divided by 32?
30
Suppose 4*k + v = 404 + 135, 2*k - v = 277. Let l = k + -211. Let b = l - -78. Calculate the remainder when 13 is divided by b.
1
Suppose -n - 54 = -51. Let j be (-1)/(n/(-258))*2/(-4). Let o = j + -32. What is the remainder when 21 is divided by o?
10
Let w(f) = 6*f**2 + 58*f - 354. Let j(s) = 46*s**2. What is the remainder when j(1) is divided by w(-14)?
6
Let p(a) = 6*a + 20. Let b be p(-6). Let j(w) = -w**3 - 15*w**2 + 15*w + 2. What is the remainder when 20 is divided by j(b)?
2
Suppose -3*t = 4*u + 20, 0 = -7*t + 6*t. What is the remainder when (64/(-6))/(((-10)/(-9))/u) is divided by 30?
18
Suppose -17 = -o - 3*v + 13, 3*v - 165 = -4*o. Suppose j + 39 = o. What is the remainder when 47 is divided by j?
5
Let t = -231 - -245. Suppose -5*w = -4*w - 13. What is the remainder when (2/1)/(t/287) - -5 is divided by w?
7
Let w be (-31596)/204 + 2/(-17). Let m = w - -178. Calculate the remainder when 66 is divided by m.
20
Let h(o) = 24*o**2 - 47*o - 22. Let t(d) = -12*d**2 + 22*d + 10. Let a(l) = -6*h(l) - 13*t(l). Calculate the remainder when a(-3) is divided by 29.
6
Let v = -2839 + 2847. What is the remainder when 146 is divided by v?
2
Suppose 4*r - 257 = 5*m, 2*m - 313 = -0*r - 5*r. Let a(c) = c**2 - 2*c - 17. What is the remainder when r is divided by a(6)?
0
Let b(k) = 465*k**3 + k**2 - 8*k + 3*k + 4*k + k**2. Let y be b(1). Let c = 673 - y. Calculate the remainder when c is divided by 35.
32
Let x = 237 - 228. Suppose x*z - 662 + 545 = 0. Calculate the remainder when 59 is divided by z.
7
Suppose 47*p - 7691 = 40*p - 2532. What is the remainder when p is divided by 20?
17
Let n = -227 - -230. Calculate the remainder when (n + 148 + -5)*9/6 is divided by 37.
34
Suppose 6*j = -2*q + 10*j + 104, q + 5*j = 24. Suppose -15 - 13 = -i. What is the remainder when q is divided by i?
16
Let i(g) = -4*g**2 - 203*g + 107. Calculate the remainder when i(-50) is divided by 70.
47
Let d be 1 + -3 + 8 + -3. Suppose -4*a = z - 13, -5*z - a - d*a = -33. Suppose 3*p + u = 81, p - 2 = -z*u + 25. What is the remainder when p is divided by 7?
6
Let x = 42 + -23. Let n(r) = r**3 + 6*r**2 + 6*r + 7. Let h be n(-5). Suppose -p = h*p - 144. What is the remainder when p is divided by x?
10
Calculate the remainder when (((-8)/1)/(-8))/((-3)/(-540)) is divided by 29.
6
Suppose 20*k + 535 - 595 = 0. Suppose -11*y - 203 = -15*y - 3*i, 0 = -3*i + k. What is the remainder when y is divided by 1/(-4) - (-113)/4?
22
Suppose 118*v - 123*v - 163 = -d, -3*v = -d + 153. Suppose -q = 2*q - 24. What is the remainder when d is divided by 12/q*(-112)/(-6)?
26
Suppose 5*o + 4*n - 41 = -0*o, -5*o = -2*n - 47. Suppose 3723 - 9786 = -43*z. What is the remainder when z is divided by o?
6
What is the remainder when 350 is divided by 48/54*(-5022)/(-36)?
102
Suppose n - 2*i - 284 = 0, 10*n - 6*i + i - 2855 = 0. Calculate the remainder when 584 is divided by n.
12
Let b(y) = -y + 86. Suppose 30*l + 185 = 35*l. What is the remainder when b(l) is divided by 15?
4
Let x = 140 - -21. Suppose -5*g = -2*y + 114, -2*y + x = y - 5*g. What is the remainder when 278 is divided by y?
43
Let k(j) = -92*j - 577. Let n(z) = 3*z. Calculate the remainder when k(-7) is divided by n(5).
7
Calculate the remainder when (119/476*(-1992)/10)/(1/(-5)) is divided by 84.
81
Let i(h) = -9*h**3 - h**2 + h + 1. Let j be i(-1). Suppose 0 = j*x - 17*x + 1332. Calculate the remainder when x is divided by 70.
8
Suppose -2*o = 3*o - 120. What is the remainder when 220/(-550) + (-674)/(-10) is divided by o?
19
What is the remainder when 613 is divided by 62/5*(-15)/(-36)*(47 - 41)?
24
Let u be 16/((4/10)/1). Let n = u + -40. Suppose 6*z + 0*z - 312 = n. Calculate the remainder when z is divided by 9.
7
Suppose -127 = -x + 5*j, -4*x - 765 = -9*x - j. Suppose u = -4*c + 38, 6*u - 10*u = -3*c - x. Calculate the remainder when 301 is divided by u.
35
Let v = -818 - -1297. Suppose -32*g + 590 = -178. What is the remainder when v is divided by g?
23
Suppose 2*a = 4*h - 424, -89 = -3*h - 5*a + 190. Suppose q - 1219 = -4*g - 2*q, 4*g + q - 1217 = 0. Calculate the remainder when g is divided by h.
98
Suppose -12*v + 1116 = -6*v. Let o = v + -125. What is the remainder when o is divided by 29?
3
Let j = -3908 + 3923. Suppose 0 = -4*h - 5*w + w - 12, -3*h + 21 = -3*w. Suppose -x - 41 = -h*x. What is the remainder when x is divided by j?
11
Let n(v) = 2*v**3 + 42*v**2 - 94*v - 38. What is the remainder when 807 is divided by n(-23)?
7
Let p = 12 - 7. Suppose -2*g = -6*g + p*v + 215, 2*v = 10. Let w = -42 + g. Calculate the remainder when 69 is divided by w.
15
Let h(w) = 14*w - 134. Let y = -136 + 146. Suppose 9 = l - 3*v - 16, v - 48 = -4*l. Calculate the remainder when l is divided by h(y).
1
Let y = -17327 - -17403. Calculate the remainder when 984 is divided by y.
72
Let d(l) = 676*l**2 - 28*l + 30. What is the remainder when d(1) is divided by 57?
51
Suppose -27 - 12 = -13*r. Suppose n + 10*i - 24 = 9*i, -5*n + 130 = r*i. Calculate the remainder when 288 is divided by n.
27
Let n(y) = 184*y + 30. What is the remainder when n(1) is divided by 115?
99
Let d = -392 + 1003. Let n(z) = z**2 + 47*z - 31. Calculate the remainder when d is divided by n(-48).
16
Let n(o) = -2*o**3 - 16*o**2 + 19*o + 13. Let h be n(-9). Suppose -p - 10 + 6 = 0, -108 = -h*t + 3*p. Calculate the remainder when t is divided by 17.
7
Let y(p) = -36*p**2 - 934*p + 153. Calculate the remainder when 2614 is divided by y(-26).
89
Let r(i) = 4*i**2 - 11*i - 10. Let f be 10 + (8 - 9) + (0 - -5). Calculate the remainder when r(f) is divided by 78.
74
Suppose 3*g = -15, 2*i + 2*i = -g + 6107. Let f = i + -1520. What is the remainder when f is divided by (8/(-6))/((-2)/6)?
0
Suppose 31*z - 1732 = 578 + 759. What is the remainder when 372 is divided by z?
75
Let r(y) = 8*y**2 - 4*y - 6. Let v be r(2). Suppose v = -33*j + 36*j. Calculate the remainder when 155 is divided by j.
5
Suppose 49 = -6*t + 13. What is the remainder when (18/t - -2)*(0 - 11) is divided by 7?
4
Let n be (-334)/6 - (30/9 + -4). Let a = n + 66. What is the remainder when 120 is divided by a?
10
Let i = 108 - 152. Let u = i - -105. Suppose -3*o - u = -3*a - a, 50 = 3*a + 2*o. What is the remainder when 29 is divided by a?
13
Suppose 1419 + 3107 = 4*c + a, 1103 = c + 5*a. Calculate the remainder when c is divided by 13.
2
Let v(b) = -472*b - 897. What is the remainder when 2584 is divided by v(-2)?
46
Suppose 0 = -7*q + 681 - 597. What is the remainder when 1125 is divided by q?
9
Suppose 46*t - 163659 = 33979 - 22194. What is the remainder when t is divided by 24?
22
Let a be ((-62)/(-8))/(1/(-4)). Let l = a + 29. What is the remainder when 72 is divided by -11 + 26 - l*2?
15
Suppose 2*i = -4, 6*y - y + 4*i - 292 = 0. Calculate the remainder when 136 is divided by y.
16
Let u = -506 + -964. What is the remainder when 199 is divided by (-14)/(-77) - u/22?
65
Suppose 184 = 44*b - 300. Let q = -6 - -13. What is the remainder when b is divided by q?
4
Let q be 0/((-4 - (-1 - 4))*2). Let m be 2/(-7) - q - 1353/(-7). Suppose 0*g = -4*g + 